{"id":1459,"date":"2020-05-05T09:30:34","date_gmt":"2020-05-05T09:30:34","guid":{"rendered":"https:\/\/moulin-1826.fr\/?page_id=1459"},"modified":"2020-05-05T09:37:00","modified_gmt":"2020-05-05T09:37:00","slug":"mentions-legales","status":"publish","type":"page","link":"https:\/\/moulin-1826.fr\/?page_id=1459","title":{"rendered":"mentions l\u00e9gales"},"content":{"rendered":"\t\t<div data-elementor-type=\"wp-page\" data-elementor-id=\"1459\" class=\"elementor elementor-1459\">\n\t\t\t\t\t\t<section class=\"elementor-section elementor-top-section elementor-element elementor-element-67726ee elementor-section-boxed elementor-section-height-default elementor-section-height-default\" data-id=\"67726ee\" data-element_type=\"section\" data-e-type=\"section\">\n\t\t\t\t\t\t<div class=\"elementor-container elementor-column-gap-default\">\n\t\t\t\t\t<div class=\"elementor-column elementor-col-100 elementor-top-column elementor-element elementor-element-e099ffc\" data-id=\"e099ffc\" data-element_type=\"column\" data-e-type=\"column\">\n\t\t\t<div class=\"elementor-widget-wrap elementor-element-populated\">\n\t\t\t\t\t\t<div class=\"elementor-element elementor-element-a9862a5 elementor-widget elementor-widget-text-editor\" data-id=\"a9862a5\" data-element_type=\"widget\" data-e-type=\"widget\" data-widget_type=\"text-editor.default\">\n\t\t\t\t<div class=\"elementor-widget-container\">\n\t\t\t\t\t\t\t\t\t<div id=\"content_top\"><div class=\"container\"><div class=\"row\"><div class=\"col-12 col-xl-11 offset-xl-1\"><h1 class=\"title\">Mentions l\u00e9gales<\/h1><\/div><\/div><\/div><\/div><div id=\"content\"><div class=\"container\"><div class=\"row\"><div class=\"col-12\"><p>Le site\u00a0<a href=\"https:\/\/www.jmjacquet.com\/\">Le moulin 1826<\/a> que vous consultez actuellement est la propri\u00e9t\u00e9 de : Moulin 1826<\/p><p>\u00a0<\/p><p><strong>ASGA<\/strong><br \/><span class=\"LrzXr\">28 Rue Philippe, 51100 Reims<\/span><\/p><p>Ce site a \u00e9t\u00e9 cr\u00e9\u00e9 par\u00a0<a href=\"http:\/\/champagne-creation.fr\/\">Champagne Cr\u00e9ation<\/a><\/p><p><strong>Copyright<\/strong> : \u00a9Moulin 1826<\/p><h2>Cr\u00e9dits<\/h2><p>Photos : Moulin 1826<\/p><h2>Donn\u00e9es personnelles<\/h2><p>Pour vous offrir des services adapt\u00e9s, nous pouvons \u00eatre amen\u00e9s \u00e0 vous demander de nous fournir des donn\u00e9es personnelles. En fonction des services auxquels vous souscrivez, il vous sera demand\u00e9 de fournir des informations, certaines obligatoires et d&rsquo;autres facultatives.<\/p><p>Le Moulin 1826\u00a0s&rsquo;engage \u00e0 respecter votre vie priv\u00e9e et \u00e0 prot\u00e9ger les informations que vous lui communiquez.<\/p><p>Conform\u00e9ment \u00e0 la loi Informatique et Libert\u00e9s du 6 Janvier 1978, vous disposez d&rsquo;un droit d&rsquo;acc\u00e8s, de rectification, de modification et de suppression des donn\u00e9es personnelles que vous nous avez communiqu\u00e9es. Vous pouvez exercer ce droit en envoyant un courrier \u00e0 :<\/p><p class=\"rtecenter\"><strong>Moulin 1826<\/strong><br \/>Adresse<br \/>\u00a0<\/p><p>Si vous \u00eates abonn\u00e9s \u00e0 des services d&rsquo;information par courrier \u00e9lectronique (\u00ab\u00a0newsletter \u00ab\u00a0) vous pouvez demander \u00e0 ne plus recevoir ces courriers soit comme indiqu\u00e9 ci-dessus, soit en suivant les instructions figurant en fin de chacun de ces courriers, lorsque vous les recevez.<\/p><h2>Cookies<\/h2><p>Le site Moulin 1826 utilise des cookies. Ces fichiers stock\u00e9s sur votre ordinateur nous servent \u00e0 faciliter votre acc\u00e8s aux services que nous proposons. Les cookies du site ne contiennent pas de donn\u00e9es permettant de vous identifier personnellement, et ils ne sont utilis\u00e9s que pour la bonne marche du pr\u00e9sent site. Nous vous informons que vous pouvez vous opposer \u00e0 l&rsquo;enregistrement de ces \u00ab\u00a0cookies\u00a0\u00bb en configurant votre ordinateur.<\/p><h2>Liens vers d&rsquo;autres sites<\/h2><p>Moulin 1826 propose sur son site des liens vers des sites tiers. Ces liens sont \u00e9tablis en accord avec les sites concern\u00e9s \u00e0 un moment o\u00f9 le Moulin 1826 a pu juger opportun de le faire, compte tenu des contenus et services de ces sites.<\/p><p>Moulin 1826 ne pourra \u00eatre tenu responsable du contenu de ces sites et de l&rsquo;usage qui pourra en \u00eatre fait par les utilisateurs.<\/p><h2>Propri\u00e9t\u00e9 Intellectuelle<\/h2><p>L&rsquo;acc\u00e8s au site Moulin 1826 vous conf\u00e8re un droit d&rsquo;usage priv\u00e9 et non exclusif de ce site.<\/p><p>L&rsquo;ensemble des \u00e9l\u00e9ments \u00e9dit\u00e9s sur ce site, incluant notamment les textes, photographies, infographies, logos, marques\u2026 constituent des \u0153uvres au sens du code de la Propri\u00e9t\u00e9 Intellectuelle. En cons\u00e9quence, toute repr\u00e9sentation ou reproduction, int\u00e9grale ou partielle, qui pourrait \u00eatre faite sans le consentement de leurs auteurs ou de leurs ayants-droit, est illicite.<\/p><h2>Indisponibilit\u00e9 du site<\/h2><p>Moulin 1826 s&rsquo;engage \u00e0 faire ses meilleurs efforts pour assurer aux utilisateurs une accessibilit\u00e9 du site \u00e0 tout moment. Moulin 1826 \u00a0ne pourra \u00eatre tenue responsable, en cas d&rsquo;indisponibilit\u00e9 du site, pour quelque cause que ce soit.<\/p><\/div><\/div><\/div><\/div>\t\t\t\t\t\t\t\t<\/div>\n\t\t\t\t<\/div>\n\t\t\t\t\t<\/div>\n\t\t<\/div>\n\t\t\t\t\t<\/div>\n\t\t<\/section>\n\t\t\t\t<\/div>\n\t\t","protected":false},"excerpt":{"rendered":"<p>Mentions l\u00e9gales Le site&nbsp;Le moulin 1826 que vous consultez actuellement est la propri\u00e9t\u00e9 de : Moulin 1826 ASGA 28 Rue Philippe, 51100 Reims Ce site a \u00e9t\u00e9 cr\u00e9\u00e9 par&nbsp;Champagne Cr\u00e9ation Copyright : \u00a9Moulin 1826 Cr\u00e9dits Photos : Moulin 1826 Donn\u00e9es personnelles Pour vous offrir des services adapt\u00e9s, nous pouvons \u00eatre amen\u00e9s \u00e0 vous demander de nous fournir des donn\u00e9es personnelles&#8230;.<\/p>\n","protected":false},"author":1,"featured_media":1420,"parent":0,"menu_order":0,"comment_status":"closed","ping_status":"closed","template":"my-templates\/template-fullscreen.php","meta":{"footnotes":""},"class_list":["post-1459","page","type-page","status-publish","has-post-thumbnail","hentry"],"yoast_head":"<!-- This site is optimized with the Yoast SEO plugin v25.6 - https:\/\/yoast.com\/wordpress\/plugins\/seo\/ -->\n<title>mentions l\u00e9gales - Moulin 1826 - Restaurant et chambres d&#039;h\u00f4tes \u00e0 Houdan<\/title>\n<meta name=\"robots\" content=\"index, follow, max-snippet:-1, max-image-preview:large, max-video-preview:-1\" \/>\n<link rel=\"canonical\" href=\"https:\/\/moulin-1826.fr\/?page_id=1459\" \/>\n<meta property=\"og:locale\" content=\"fr_FR\" \/>\n<meta property=\"og:type\" content=\"article\" \/>\n<meta property=\"og:title\" content=\"mentions l\u00e9gales - Moulin 1826 - Restaurant et chambres d&#039;h\u00f4tes \u00e0 Houdan\" \/>\n<meta property=\"og:description\" content=\"Mentions l\u00e9gales Le site&nbsp;Le moulin 1826 que vous consultez actuellement est la propri\u00e9t\u00e9 de : Moulin 1826 ASGA 28 Rue Philippe, 51100 Reims Ce site a \u00e9t\u00e9 cr\u00e9\u00e9 par&nbsp;Champagne Cr\u00e9ation Copyright : \u00a9Moulin 1826 Cr\u00e9dits Photos : Moulin 1826 Donn\u00e9es personnelles Pour vous offrir des services adapt\u00e9s, nous pouvons \u00eatre amen\u00e9s \u00e0 vous demander de nous fournir des donn\u00e9es personnelles....\" \/>\n<meta property=\"og:url\" content=\"https:\/\/moulin-1826.fr\/?page_id=1459\" \/>\n<meta property=\"og:site_name\" content=\"Moulin 1826 - Restaurant et chambres d&#039;h\u00f4tes \u00e0 Houdan\" \/>\n<meta property=\"article:publisher\" content=\"https:\/\/www.facebook.com\/Le-1826-Le-moulin-114921310237913\" \/>\n<meta property=\"article:modified_time\" content=\"2020-05-05T09:37:00+00:00\" \/>\n<meta property=\"og:image\" content=\"https:\/\/moulin-1826.fr\/wp-content\/uploads\/2020\/05\/restaurant-chambres-d-hotes-houdan-yvelines.jpg\" \/>\n\t<meta property=\"og:image:width\" content=\"1257\" \/>\n\t<meta property=\"og:image:height\" content=\"865\" \/>\n\t<meta property=\"og:image:type\" content=\"image\/jpeg\" \/>\n<meta name=\"twitter:card\" content=\"summary_large_image\" \/>\n<meta name=\"twitter:label1\" content=\"Dur\u00e9e de lecture estim\u00e9e\" \/>\n\t<meta name=\"twitter:data1\" content=\"2 minutes\" \/>\n<script type=\"application\/ld+json\" class=\"yoast-schema-graph\">{\"@context\":\"https:\/\/schema.org\",\"@graph\":[{\"@type\":\"WebPage\",\"@id\":\"https:\/\/moulin-1826.fr\/?page_id=1459\",\"url\":\"https:\/\/moulin-1826.fr\/?page_id=1459\",\"name\":\"mentions l\u00e9gales - Moulin 1826 - Restaurant et chambres d&#039;h\u00f4tes \u00e0 Houdan\",\"isPartOf\":{\"@id\":\"https:\/\/moulin-1826.fr\/#website\"},\"primaryImageOfPage\":{\"@id\":\"https:\/\/moulin-1826.fr\/?page_id=1459#primaryimage\"},\"image\":{\"@id\":\"https:\/\/moulin-1826.fr\/?page_id=1459#primaryimage\"},\"thumbnailUrl\":\"https:\/\/moulin-1826.fr\/wp-content\/uploads\/2020\/05\/restaurant-chambres-d-hotes-houdan-yvelines.jpg\",\"datePublished\":\"2020-05-05T09:30:34+00:00\",\"dateModified\":\"2020-05-05T09:37:00+00:00\",\"breadcrumb\":{\"@id\":\"https:\/\/moulin-1826.fr\/?page_id=1459#breadcrumb\"},\"inLanguage\":\"fr-FR\",\"potentialAction\":[{\"@type\":\"ReadAction\",\"target\":[\"https:\/\/moulin-1826.fr\/?page_id=1459\"]}]},{\"@type\":\"ImageObject\",\"inLanguage\":\"fr-FR\",\"@id\":\"https:\/\/moulin-1826.fr\/?page_id=1459#primaryimage\",\"url\":\"https:\/\/moulin-1826.fr\/wp-content\/uploads\/2020\/05\/restaurant-chambres-d-hotes-houdan-yvelines.jpg\",\"contentUrl\":\"https:\/\/moulin-1826.fr\/wp-content\/uploads\/2020\/05\/restaurant-chambres-d-hotes-houdan-yvelines.jpg\",\"width\":1257,\"height\":865,\"caption\":\"Restaurant et Chambres d\u2019h\u00f4tes avec piscine \u00e0 Houdan Yvelines, France\"},{\"@type\":\"BreadcrumbList\",\"@id\":\"https:\/\/moulin-1826.fr\/?page_id=1459#breadcrumb\",\"itemListElement\":[{\"@type\":\"ListItem\",\"position\":1,\"name\":\"Accueil\",\"item\":\"https:\/\/moulin-1826.fr\/\"},{\"@type\":\"ListItem\",\"position\":2,\"name\":\"mentions l\u00e9gales\"}]},{\"@type\":\"WebSite\",\"@id\":\"https:\/\/moulin-1826.fr\/#website\",\"url\":\"https:\/\/moulin-1826.fr\/\",\"name\":\"Moulin 1826 - Restaurant et chambres d&#039;h\u00f4tes \u00e0 Houdan\",\"description\":\"Restaurant et chambres d&#039;h\u00f4tes \u00e0 Houdan\",\"publisher\":{\"@id\":\"https:\/\/moulin-1826.fr\/#organization\"},\"potentialAction\":[{\"@type\":\"SearchAction\",\"target\":{\"@type\":\"EntryPoint\",\"urlTemplate\":\"https:\/\/moulin-1826.fr\/?s={search_term_string}\"},\"query-input\":{\"@type\":\"PropertyValueSpecification\",\"valueRequired\":true,\"valueName\":\"search_term_string\"}}],\"inLanguage\":\"fr-FR\"},{\"@type\":\"Organization\",\"@id\":\"https:\/\/moulin-1826.fr\/#organization\",\"name\":\"Moulin 1826 - Restaurant et chambres d&#039;h\u00f4tes \u00e0 Houdan\",\"url\":\"https:\/\/moulin-1826.fr\/\",\"logo\":{\"@type\":\"ImageObject\",\"inLanguage\":\"fr-FR\",\"@id\":\"https:\/\/moulin-1826.fr\/#\/schema\/logo\/image\/\",\"url\":\"https:\/\/moulin-1826.fr\/wp-content\/uploads\/2020\/03\/cropped-LE-MOULIN-1826-LOGO-noir-v6.png\",\"contentUrl\":\"https:\/\/moulin-1826.fr\/wp-content\/uploads\/2020\/03\/cropped-LE-MOULIN-1826-LOGO-noir-v6.png\",\"width\":300,\"height\":180,\"caption\":\"Moulin 1826 - Restaurant et chambres d&#039;h\u00f4tes \u00e0 Houdan\"},\"image\":{\"@id\":\"https:\/\/moulin-1826.fr\/#\/schema\/logo\/image\/\"},\"sameAs\":[\"https:\/\/www.facebook.com\/Le-1826-Le-moulin-114921310237913\"]}]}<\/script>\n<!-- \/ Yoast SEO plugin. -->","yoast_head_json":{"title":"mentions l\u00e9gales - Moulin 1826 - Restaurant et chambres d&#039;h\u00f4tes \u00e0 Houdan","robots":{"index":"index","follow":"follow","max-snippet":"max-snippet:-1","max-image-preview":"max-image-preview:large","max-video-preview":"max-video-preview:-1"},"canonical":"https:\/\/moulin-1826.fr\/?page_id=1459","og_locale":"fr_FR","og_type":"article","og_title":"mentions l\u00e9gales - Moulin 1826 - Restaurant et chambres d&#039;h\u00f4tes \u00e0 Houdan","og_description":"Mentions l\u00e9gales Le site&nbsp;Le moulin 1826 que vous consultez actuellement est la propri\u00e9t\u00e9 de : Moulin 1826 ASGA 28 Rue Philippe, 51100 Reims Ce site a \u00e9t\u00e9 cr\u00e9\u00e9 par&nbsp;Champagne Cr\u00e9ation Copyright : \u00a9Moulin 1826 Cr\u00e9dits Photos : Moulin 1826 Donn\u00e9es personnelles Pour vous offrir des services adapt\u00e9s, nous pouvons \u00eatre amen\u00e9s \u00e0 vous demander de nous fournir des donn\u00e9es personnelles....","og_url":"https:\/\/moulin-1826.fr\/?page_id=1459","og_site_name":"Moulin 1826 - Restaurant et chambres d&#039;h\u00f4tes \u00e0 Houdan","article_publisher":"https:\/\/www.facebook.com\/Le-1826-Le-moulin-114921310237913","article_modified_time":"2020-05-05T09:37:00+00:00","og_image":[{"width":1257,"height":865,"url":"https:\/\/moulin-1826.fr\/wp-content\/uploads\/2020\/05\/restaurant-chambres-d-hotes-houdan-yvelines.jpg","type":"image\/jpeg"}],"twitter_card":"summary_large_image","twitter_misc":{"Dur\u00e9e de lecture estim\u00e9e":"2 minutes"},"schema":{"@context":"https:\/\/schema.org","@graph":[{"@type":"WebPage","@id":"https:\/\/moulin-1826.fr\/?page_id=1459","url":"https:\/\/moulin-1826.fr\/?page_id=1459","name":"mentions l\u00e9gales - Moulin 1826 - Restaurant et chambres d&#039;h\u00f4tes \u00e0 Houdan","isPartOf":{"@id":"https:\/\/moulin-1826.fr\/#website"},"primaryImageOfPage":{"@id":"https:\/\/moulin-1826.fr\/?page_id=1459#primaryimage"},"image":{"@id":"https:\/\/moulin-1826.fr\/?page_id=1459#primaryimage"},"thumbnailUrl":"https:\/\/moulin-1826.fr\/wp-content\/uploads\/2020\/05\/restaurant-chambres-d-hotes-houdan-yvelines.jpg","datePublished":"2020-05-05T09:30:34+00:00","dateModified":"2020-05-05T09:37:00+00:00","breadcrumb":{"@id":"https:\/\/moulin-1826.fr\/?page_id=1459#breadcrumb"},"inLanguage":"fr-FR","potentialAction":[{"@type":"ReadAction","target":["https:\/\/moulin-1826.fr\/?page_id=1459"]}]},{"@type":"ImageObject","inLanguage":"fr-FR","@id":"https:\/\/moulin-1826.fr\/?page_id=1459#primaryimage","url":"https:\/\/moulin-1826.fr\/wp-content\/uploads\/2020\/05\/restaurant-chambres-d-hotes-houdan-yvelines.jpg","contentUrl":"https:\/\/moulin-1826.fr\/wp-content\/uploads\/2020\/05\/restaurant-chambres-d-hotes-houdan-yvelines.jpg","width":1257,"height":865,"caption":"Restaurant et Chambres d\u2019h\u00f4tes avec piscine \u00e0 Houdan Yvelines, France"},{"@type":"BreadcrumbList","@id":"https:\/\/moulin-1826.fr\/?page_id=1459#breadcrumb","itemListElement":[{"@type":"ListItem","position":1,"name":"Accueil","item":"https:\/\/moulin-1826.fr\/"},{"@type":"ListItem","position":2,"name":"mentions l\u00e9gales"}]},{"@type":"WebSite","@id":"https:\/\/moulin-1826.fr\/#website","url":"https:\/\/moulin-1826.fr\/","name":"Moulin 1826 - Restaurant et chambres d&#039;h\u00f4tes \u00e0 Houdan","description":"Restaurant et chambres d&#039;h\u00f4tes \u00e0 Houdan","publisher":{"@id":"https:\/\/moulin-1826.fr\/#organization"},"potentialAction":[{"@type":"SearchAction","target":{"@type":"EntryPoint","urlTemplate":"https:\/\/moulin-1826.fr\/?s={search_term_string}"},"query-input":{"@type":"PropertyValueSpecification","valueRequired":true,"valueName":"search_term_string"}}],"inLanguage":"fr-FR"},{"@type":"Organization","@id":"https:\/\/moulin-1826.fr\/#organization","name":"Moulin 1826 - Restaurant et chambres d&#039;h\u00f4tes \u00e0 Houdan","url":"https:\/\/moulin-1826.fr\/","logo":{"@type":"ImageObject","inLanguage":"fr-FR","@id":"https:\/\/moulin-1826.fr\/#\/schema\/logo\/image\/","url":"https:\/\/moulin-1826.fr\/wp-content\/uploads\/2020\/03\/cropped-LE-MOULIN-1826-LOGO-noir-v6.png","contentUrl":"https:\/\/moulin-1826.fr\/wp-content\/uploads\/2020\/03\/cropped-LE-MOULIN-1826-LOGO-noir-v6.png","width":300,"height":180,"caption":"Moulin 1826 - Restaurant et chambres d&#039;h\u00f4tes \u00e0 Houdan"},"image":{"@id":"https:\/\/moulin-1826.fr\/#\/schema\/logo\/image\/"},"sameAs":["https:\/\/www.facebook.com\/Le-1826-Le-moulin-114921310237913"]}]}},"_links":{"self":[{"href":"https:\/\/moulin-1826.fr\/index.php?rest_route=\/wp\/v2\/pages\/1459"}],"collection":[{"href":"https:\/\/moulin-1826.fr\/index.php?rest_route=\/wp\/v2\/pages"}],"about":[{"href":"https:\/\/moulin-1826.fr\/index.php?rest_route=\/wp\/v2\/types\/page"}],"author":[{"embeddable":true,"href":"https:\/\/moulin-1826.fr\/index.php?rest_route=\/wp\/v2\/users\/1"}],"replies":[{"embeddable":true,"href":"https:\/\/moulin-1826.fr\/index.php?rest_route=%2Fwp%2Fv2%2Fcomments&post=1459"}],"version-history":[{"count":3,"href":"https:\/\/moulin-1826.fr\/index.php?rest_route=\/wp\/v2\/pages\/1459\/revisions"}],"predecessor-version":[{"id":1462,"href":"https:\/\/moulin-1826.fr\/index.php?rest_route=\/wp\/v2\/pages\/1459\/revisions\/1462"}],"wp:featuredmedia":[{"embeddable":true,"href":"https:\/\/moulin-1826.fr\/index.php?rest_route=\/wp\/v2\/media\/1420"}],"wp:attachment":[{"href":"https:\/\/moulin-1826.fr\/index.php?rest_route=%2Fwp%2Fv2%2Fmedia&parent=1459"}],"curies":[{"name":"wp","href":"https:\/\/api.w.org\/{rel}","templated":true}]}}